t common divisor of 7029088 and 555104?
6688
Calculate the greatest common factor of 8076616 and 10107.
1123
What is the greatest common divisor of 96526 and 39134?
34
What is the greatest common divisor of 52 and 411466237?
13
Calculate the greatest common factor of 837242 and 63686.
14
Calculate the greatest common divisor of 6318 and 21779361.
243
What is the greatest common factor of 10547 and 28491427?
199
Calculate the greatest common divisor of 315540 and 40620.
60
What is the greatest common factor of 62424 and 6453?
27
Calculate the greatest common divisor of 25434 and 16674.
6
What is the highest common divisor of 105 and 169145?
5
What is the greatest common factor of 87500 and 9968?
28
What is the greatest common factor of 103295 and 2294755?
365
Calculate the highest common divisor of 35970538 and 170.
34
Calculate the highest common factor of 260340 and 23988.
12
What is the greatest common divisor of 1362795 and 66220?
35
What is the greatest common factor of 918 and 42697098?
918
What is the greatest common divisor of 141019501 and 931?
931
What is the greatest common factor of 442995 and 166845?
105
Calculate the greatest common factor of 2426100 and 15756.
12
What is the greatest common factor of 3 and 321178?
1
Calculate the greatest common factor of 6886 and 4090070534.
6886
What is the highest common factor of 2454528 and 250368?
1536
Calculate the highest common factor of 15544 and 98152.
8
What is the greatest common factor of 143370 and 219474?
18
Calculate the highest common factor of 761564 and 59.
1
What is the greatest common divisor of 13294 and 22195778?
578
Calculate the greatest common divisor of 10738203 and 588.
147
Calculate the highest common divisor of 560 and 13551860.
140
What is the greatest common divisor of 289616 and 752372?
3148
Calculate the highest common factor of 56056 and 1450792.
392
Calculate the highest common divisor of 87507 and 150822.
189
Calculate the greatest common divisor of 534868 and 6.
2
Calculate the greatest common divisor of 24 and 354141588.
12
What is the highest common factor of 2422 and 214886?
14
What is the highest common factor of 1554 and 44742?
6
Calculate the greatest common divisor of 630 and 144035766.
126
Calculate the greatest common divisor of 345483 and 1116903.
69
Calculate the highest common factor of 6237 and 80829.
63
Calculate the highest common factor of 373914 and 450.
18
What is the highest common divisor of 27260208 and 54?
18
Calculate the greatest common factor of 632122 and 1017.
113
What is the greatest common divisor of 136 and 128068888?
136
Calculate the greatest common divisor of 3286390758 and 42.
42
What is the greatest common divisor of 6939979 and 5069?
37
Calculate the highest common factor of 55979780 and 20.
20
Calculate the greatest common factor of 35 and 4429999.
7
What is the highest common factor of 6538876 and 8?
4
Calculate the highest common divisor of 95 and 275452.
1
Calculate the greatest common factor of 911716 and 9867.
13
What is the greatest common factor of 32688410 and 5790?
1930
Calculate the greatest common divisor of 1220816 and 231568.
656
What is the greatest common divisor of 22566696 and 24?
24
Calculate the greatest common divisor of 901656 and 42.
42
What is the highest common factor of 17835 and 380799?
87
Calculate the greatest common divisor of 26767 and 107523.
13
What is the greatest common divisor of 208588722 and 1308?
654
What is the greatest common factor of 2127843 and 1647?
27
What is the greatest common factor of 16626128 and 8?
8
What is the highest common factor of 299676 and 2329834?
2938
Calculate the greatest common divisor of 336712246 and 358.
358
Calculate the highest common factor of 9 and 1315922103.
9
Calculate the greatest common divisor of 215351178 and 7203.
1029
What is the greatest common factor of 254089 and 9119?
11
Calculate the highest common divisor of 2 and 17848367.
1
What is the greatest common divisor of 11970 and 74651?
19
Calculate the greatest common factor of 6125 and 250145.
245
What is the greatest common divisor of 7168 and 6575616?
512
What is the highest common divisor of 44 and 94909804?
44
Calculate the greatest common divisor of 1489982 and 7072.
442
Calculate the highest common divisor of 8361745 and 245.
35
Calculate the greatest common factor of 20803070 and 340.
170
What is the highest common divisor of 34365 and 13105705?
395
Calculate the greatest common factor of 99102 and 385662.
1194
Calculate the greatest common factor of 1186430 and 6426.
238
What is the highest common divisor of 2326922 and 6786?
26
Calculate the highest common factor of 1448200 and 712.
8
What is the highest common divisor of 44068 and 2530?
46
What is the greatest common factor of 1374320 and 241080?
1640
What is the greatest common divisor of 3000 and 2392400?
200
Calculate the highest common divisor of 15439756 and 1.
1
What is the highest common divisor of 144 and 1128501552?
48
What is the highest common factor of 554342 and 62?
62
What is the highest common divisor of 755 and 9424967?
151
Calculate the greatest common factor of 667 and 15457.
29
What is the highest common divisor of 1211 and 91889?
7
What is the highest common factor of 4112 and 11783707?
257
Calculate the greatest common factor of 7495310 and 13405.
1915
What is the highest common factor of 2670800 and 14200?
200
What is the highest common divisor of 236 and 334468?
4
Calculate the greatest common divisor of 6249096 and 16308.
108
Calculate the greatest common factor of 4466784 and 1058.
46
Calculate the highest common factor of 10879 and 1096801.
989
What is the highest common divisor of 4467 and 1524?
3
Calculate the highest common divisor of 24 and 3025076664.
24
What is the greatest common factor of 22176 and 41382880?
2464
What is the highest common factor of 28101 and 10908147?
1653
What is the highest common factor of 2496 and 19248864?
96
Calculate the greatest common factor of 4350195 and 144.
9
Calculate the greatest common divisor of 12120 and 4776290.
1010
What is the greatest common divisor of 512 and 34234624?
256
What is the greatest common divisor of 7364109 and 81?
3
What is the greatest common factor of 19680 and 112049310?
1230
What is the highest common factor of 93292 and 241364?
332
What is the highest common factor of 432 and 2165808?
48
Calculate the greatest common factor of 31 and 11683931.
31
Calculate the highest common divisor of 7924 and 54152.
28
What is the greatest common divisor of 516373411 and 526?
263
What is the highest common divisor of 1589225 and 99605?
55
What is the greatest common divisor of 21748 and 76949861?
5437
Calculate the highest common divisor of 2466 and 63621.
9
Calculate the highest common factor of 786 and 41950654.
262
What is the highest common divisor of 35118694 and 13286?
1898
Calculate the greatest common divisor of 63 and 315931.
7
Calculate the highest common factor of 21704 and 22312.
8
Calculate the highest common divisor of 2777400 and 120600.
1800
Calculate the greatest common factor of 2936 and 513433.
367
What is the highest common divisor of 1450 and 140815590?
290
What is the greatest common factor of 550 and 1690370?
110
Calculate the greatest common factor of 2017775 and 6880.
215
What is the greatest common divisor of 932929307 and 401?
401
What is the greatest common divisor of 1592748 and 1332?
36
Calculate the greatest common divisor of 189211 and 3110041.
1837
Calculate the highest common factor of 452 and 30040259.
113
Calculate the highest common divisor of 9684262 and 76.
38
Calculate the highest common divisor of 83275 and 70575.
25
What is the highest common factor of 7982 and 279350966?
614
Calculate the greatest common factor of 6536703636 and 6478.
6478
Calculate the greatest common divisor of 13001098 and 132.
22
Calculate the greatest common divisor of 4420 and 1549594540.
4420
Calculate the greatest common divisor of 34768 and 513648.
656
What is the highest common divisor of 6262107 and 8376?
1047
Calculate the highest common divisor of 21840298 and 956.
478
What is the highest common factor of 30 and 606053685?
15
Calculate the highest common divisor of 39551940 and 7830.
2610
What is the highest common factor of 173